-3 + (2 - 0)?
-2
(10 - 14) + (1 - 1 - -3)
-1
What is the value of -2 - (-4 + 6 - 1)?
-3
What is the value of (5 + -5 - -1) + -8?
-7
Evaluate (-1 + 2 + 2 - 2) + 2.
3
Evaluate -5 - (1 - -3 - 8).
-1
Evaluate 3 - 9 - (7 + -14).
1
Calculate (2 - 3 - -3) + 7 + -18.
-9
Evaluate -4 + (-4 - (-5 - (-1 + -1))).
-5
(-4 - (-3 + -22)) + -7 - 5
9
Evaluate -2 + -2 + (-8 + 3 - -5).
-4
What is -9 - (-3 - (-1 + 5) - -3)?
-5
0 + (-1 - (5 + (-8 - -2)))
0
What is 2 + -3 + -4 + 0 + 2?
-3
3 - 1 - ((-8 - -10) + -3)
3
What is the value of 9 - (4 - (5 - 16))?
-6
Evaluate -14 + -3 + 3 + 20.
6
Calculate -1 + 5 - (10 + 6 + -8).
-4
What is the value of -6 - -5 - (-3 - -2)?
0
What is -5 + 9 - 2 - 1?
1
(-5 - (4 - 15)) + 1 + -2
5
What is the value of (15 - 14) + (0 - -4)?
5
What is (59 - 53) + (-1 - -6) + -4?
7
What is the value of 107 + -101 - (-1 - (-9 + 0))?
-2
What is -13 + 3 + 1 - -4?
-5
(12 - 15) + (1 - 3)
-5
(0 - (1 - 2)) + -3 + 5
3
Evaluate 2 - 3 - (6 + -11 + 0).
4
What is -6 - (8 + -7 + -1)?
-6
0 + -10 - ((-31 - -14) + 10)
-3
What is 1 + (7 - (12 - (7 - 7)))?
-4
Evaluate -2 - ((0 - -1) + 0).
-3
What is 1 - 4 - -4 - 0?
1
(35 + -38 - (1 + -6)) + -11
-9
Calculate (21 - 17 - (-1 + 1)) + 0.
4
Calculate (-2 - 7) + 6 - (-1 - 1).
-1
What is -1 + 1 + -6 + 7?
1
(4 - (-1 + 2 + -2)) + -10
-5
What is the value of (9 - 11) + (5 - 1) + -10?
-8
Calculate -7 + (-3 - ((-2 - 13) + 4)).
1
Evaluate -2 + -2 - ((-2 - 2) + 2).
-2
What is the value of 3 + -15 + (2 - -3) + 1?
-6
What is (8 - 2) + 7 + -15?
-2
6 - (-4 + -6 + 12)
4
Calculate (9 - (6 - 2)) + -8.
-3
Evaluate 2 + -10 - (-5 - (2 - 4)).
-5
Calculate -1 + -4 - (-4 - 4).
3
What is -8 + 6 + (1 + -7 - -2)?
-6
What is 10 + (-13 + 8 - 5)?
0
0 + -4 + 0 + 3 - -2
1
-10 + 13 + 0 + -5
-2
Calculate -4 + -2 + 0 + 5 + 0.
-1
Calculate 7 - 10 - -3 - -4.
4
0 + 0 - (3 - (-7 + 5))
-5
What is the value of -8 + -2 - (-12 + (8 - 1))?
-5
15 - 14 - (-2 + 7)
-4
Evaluate (-5 - (5 - 6)) + 8.
4
Calculate (3 - 8) + 8 - 6.
-3
Evaluate 6 - 6 - (0 + -3).
3
What is -4 + 10 + -5 + -3?
-2
What is the value of 1 + -1 + 11 + -7?
4
-4 + 4 + 0 + 4 - 0
4
Calculate (1 + 0 - 2) + -4.
-5
What is the value of 18 + -14 - ((-1 - -8) + -1)?
-2
What is the value of 0 - -5 - ((1 - -1) + 1)?
2
5 + (-16 - -5) + -1
-7
Evaluate 6 + 5 + (-8 - 5 - -6).
4
What is (11 - 2 - (0 + -1)) + -5?
5
What is the value of 0 + 3 - ((-3 - 0) + 2)?
4
What is -6 + 1 - (-1 - -3)?
-7
What is the value of 3 + -2 + 1 + (13 - 9)?
6
-5 - ((0 - -3) + (38 - 46))
0
Calculate (-3 - -7) + -3 + -1.
0
What is 1 + -9 - (-3 + 0 + 0)?
-5
6 - 2 - (10 - (11 + 2))
7
Calculate 0 + 2 - (171 + -163).
-6
Evaluate (1 - 1) + -16 + 14 - -3.
1
What is -2 - 2 - -2 - -2?
0
Evaluate -15 + 8 + 3 + -3.
-7
Calculate 2 + (-11 - 3) - -18.
6
Evaluate -5 - (5 + -15) - (1 - 1).
5
What is 5 - (8 - -17) - -9?
-11
What is the value of -2 + 13 - (20 - 1)?
-8
What is -19 + 22 - (2 + -1)?
2
Evaluate -55 + 61 - (-3 + 1).
8
What is the value of (8 + -4 - 7) + 2 - 3?
-4
Evaluate 6 + -2 + 1 + -3 - -2.
4
What is the value of 73 + -70 + (5 - 1)?
7
117 + -122 - (1 - 11)
5
(0 - -13 - 6) + -1
6
Calculate 13 + (7 - 5 - (0 - -9)).
6
Calculate 0 + 3 + 7 + -5.
5
What is -5 + 3 + -4 + 0?
-6
Calculate 3 + -15 - (-17 - -14).
-9
Calculate -119 - -110 - (-14 - 0).
5
3 - (5 + 0 + -2 + -2)
2
What is 6 + -2 - 10 - -9?
3
Calculate 5 + -7 + 7 - (-2 + 3).
4
What is the value of -1 + 1 + 4 - 6?
-2
Calculate (-2 - 4) + (0 - -4).
-2
What is the value of 0 + 3 + -8 + (2 - -1)?
-2
-2 + -1 + -8 + 9
-2
What is the value of 18 - 24 - (-4 + -1)?
-1
Calculate 3 - (-3 - 0 - -4).
2
5 + -3 - (1 + 1) - 2
-2
Calculate 1 + -2 + (-2 - 5) + 11.
3
Evaluate -2 + (-2 - 0) + (-15 - -14).
-5
What is (12 - (13 + 1)) + -8?
-10
0 - (-9 - (-12 + 8))
5
What is 1 - 5 - ((6 - 8) + -8)?
6
Evaluate 2 + (1 - 0) - (-4 + 9).
-2
Evaluate -4 + -1 - (-10 - -10).
-5
Calculate 2 - (3 + (2 - 7)).
4
(-5 - -1) + -2 - -12
6
Calculate 0 - (10 + -6) - (-4 + -1).
1
What is the value of (-19 - -11) + (1 - -3) - -5?
1
Calculate 0 + 0 - (2 - 7).
5
1 + (-4 - (-2 - -1))
-2
Evaluate -1 - 10 - (7 + -17).
-1
What is 0 - (-4 + 6) - -8?
6
Calculate 8 + -12 + 7 + -2.
1
1 + (13 - 12) + (0 - -1)
3
What is the value of -7 + 4 - (0 - (-2 + 7))?
2
What is the value of -2 + (-2 + 1 - 4 - -8)?
1
Evaluate -9 - (-1 + 11 + -12).
-7
(-4 - -9 - 8) + -1 - 2
-6
What is -4 - (-3 - (-4 + (7 - 4)))?
-2
Calculate 5 + (3 - -1) + (-11 - -2).
0
Evaluate -1 + ((-6 - -10) + -2 - -4).
5
1 + 0 + 7 + -9
-1
-7 - (2 + (-3 - 4))
-2
Evaluate -10 + 6 + (5 + -3 - 2).
-4
Calculate 0 + 2 + 1 + 0 - -2.
5
-10 + 5 + (-14 - -9) + 7
-3
Calculate (8 - -2) + 12 + -15.
7
Calculate (-11 - -1) + (12 - 7).
-5
What is 4 - (5 + (4 - 6))?
1
What is -12 + (3 - 2 - (2 - 5))?
-8
What is the value of 0 + (7 + -3 - 4) - 2?
-2
0 + (2 - (3 + -1 - 1))
1
Calculate -3 + (0 - -3) + -5.
-5
0 - (8 - 2) - -2
-4
Calculate 12 - 4 - 9 - -2.
1
0 + -6 - (10 + -12 + 2)
-6
What is 6 - (-12 - -23 - 2)?
-3
What is the value of (3 - (-4 - -4)) + 0?
3
What is -8 + (6 - 7) + 8?
-1
0 + -1 - (7 - -12 - 19)
-1
What is 1 + -4 + -4 + 7?
0
Evaluate 1 + -5 + 0 - (8 + -8).
-4
What is the value of (1 + -2 - (4 - 3)) + 1?
-1
6 + (-7 - 0) - 2
-3
What is -1 + (5 - (4 + 1)) + -2?
-3
What is the value of -4 - (-19 + 17 - (-1 - 1))?
-4
What is the value of -10 + (14 - 4) - 0?
0
Evaluate (2 - (7 + -2) - -2) + 1.
0
Evaluate -6 + -5 + -1 + 10 + 0.
-2
What is the value of -6 - ((2 - 10) + (-4 - -1))?
5
Evaluate 6 + (3 - 4) - (3 + 1).
1
Evaluate 4 - 0 - -3 - (6 + -2).
3
Evaluate (-30 - -29) + (-8 - -2).
-7
What is -8 - -13 - (-2 - -8)?
-1
What is -8 + (4 - 3) + 15?
8
What is the value of 3 - (5 + -9 + 2)?
5
Calculate 8 + 0 + (6 - 15) + 3.
2
What is 10 + -10 + -2 + 6?
4
Evaluate -1 + (-6 - -2) + 6 + 7.
8
What is (3 - (-4 + 4)) + -2 + -1?
0
Evaluate 0 + (-5 - (3 + (-2 - 3))).
-3
What is the value of 13 + -12 + (2 + 0 - 5)?
-2
What is the value of (4 + -3 - -6) + -1?
6
2 + -2 - (20 + -15)
-5
Calculate 3 + (5 + -5 + -3 - 6).
-6
Evaluate (7 - -1) + (-12 - -9).
5
What is the value of 1 + (-1 - -5) + 0 + -7?
-2
2 + (-8 + 0 - 0) + 4
-2
0 + (12 - (8 - 1))
5
What is the value of 3 + -1 - (8 + -2 - 5)?
1
What is the value of -4 - (12 + -8 - (12 + -1))?
3
What is (-5 + 7 - 3) + 3?
2
-11 + 12 - (0 - 2) - -1
4
What is 0 - (2 + -1) - -6?
5
What is -2 - -6 - (-1 + 3)?
2
What is the value of 4 - 4 - (-5 - -1 - 2)?
6
Calculate 8 + -15 + (3 - -1).
-3
-1 - 2 - (1 - 2)
-2
What is -2 + -4 + 11 + (-6 - -2)?
1
What is 3 + (-11 - (5 - 12))?
-1
(26 - 31) + 12 + -2
5
5 + -7 - (-1 + (2 - 2))
-1
What is 1 - ((4 - 9) + 4)?
2
-4 + 22 + -6 + -7
5
What is the value of 1 + (-5 - -1) + 7?
4
What is the value of (-9 - (-4 + -2)) + 4?
1
What is the value of (1 - -2) + (-2 - 4)?
-3
What is -13 + 25 + -9 + -2?
1
(-5 - (-1 - (-3 - -5))) + 2
0
(-5 + 1 - -1) + 18 + -20
-5
What is the value of -3 - (1 - -1 - 3)?
-2
What is 6 + (-9 - -4 - 0)?
1
What is the value of -2 - 0 - (-6 - (9 - 12))?
1
(-11 - ((2 - 6) + -1)) + 13
7
18 + -2 + (-2 - 7)
7
0 + -1 - (0 + 2)
-3
What is 3 + -7 + (22 - 19)?
-1
Evaluate 4 + 0 + -4 - -7 - 6.
1
Evaluate 11 - (13 - 3) - (1 - 6).
6
(-16 - -9) + -12 + 9
-10
What is -3 - (-18 - (2 - 8) - -1)?
8
What is the value of -2 + (-8 - -2) + -5 + 8?
-5
What is 0 + -11 + 4 + 6?
-1
What is the value of -4 - (-3 + 2 + -3)?
0
(-2 - -3) + 0 + -1 + 1
1
Evaluate -1 + -4 + 10 + (6 - 5).
6
What is (1 - -2) + 3 + (-7 - 4)?
-5
What is -2 + 1 - -1 - (1 - 5)?
4
Calculate -6 + (-1 - 1) + 5.
-3
Evaluate -16 - -20 - (6 - 1).
-1
5 - (0 - -18) - (-6 - 1)
-6
Evaluate -4 + (-7 - (-7 - (3 + 2))).
1
What is the value of 4 + -7 + 1 + 3?
1
What is (-8 - -8) + 1 + -1 + -1?
-1
4 + -2 + 3 - (-1 - -6)
0
What is the value of (-5 - (-5 + 6)) + (0 - -4)?
-2
What is the value of -5 + 4 + (0 - -1) + 1?
1
Calculate -5 + 6 + 7 + -16.
-8
What is the value of (6 - (6 + -8 - -5)) + -8?
-5
What is 4 + 9 + (-5 - -7 - 8)?
7
What is 1 + 6 + -1 + -2 + -1?
3
Calculate (6 + -9 - -2) + (6 - 7).
-2
0 + -3 - (1 + (2 - 2))
-4
Calculate ((1 - -1) + -2 - 3) + 5.
2
Calculate -7 + 0 + (-5 - -8).
-4
-7 + 7 + -5 + 1 + 5
1
Evaluate 15 + 0 + -8 + 0 + -4.
3
(0 - 6) + -17 + 21
-2
Calculate 1 - (-2 + 4) - (-2 + -1).
2
Evaluate 4 + (-2 + 2 - (3 - 0)).
1
Evaluate (-3 - (-6 - (0 - 1))) + -2.
0
What is 0 + 5 - (-27 - -27)?
5
What is the value of -2 + 0 + 3 - (-81 + 88)?
-6
What is the value of 3 + -6 + 0 